[INFO] fetching crate crypto-crawler 1.5.7...
[INFO] building crypto-crawler-1.5.7 against master#ff34b919075f35a1787659e9c448a34b06bab8de for issue-85264
[INFO] extracting crate crypto-crawler 1.5.7 into /workspace/builds/worker-15/source
[INFO] validating manifest of crates.io crate crypto-crawler 1.5.7 on toolchain ff34b919075f35a1787659e9c448a34b06bab8de
[INFO] running `Command { std: "/workspace/cargo-home/bin/cargo" "+ff34b919075f35a1787659e9c448a34b06bab8de" "metadata" "--manifest-path" "Cargo.toml" "--no-deps", kill_on_drop: false }`
[INFO] started tweaking crates.io crate crypto-crawler 1.5.7
[INFO] finished tweaking crates.io crate crypto-crawler 1.5.7
[INFO] tweaked toml for crates.io crate crypto-crawler 1.5.7 written to /workspace/builds/worker-15/source/Cargo.toml
[INFO] running `Command { std: "/workspace/cargo-home/bin/cargo" "+ff34b919075f35a1787659e9c448a34b06bab8de" "generate-lockfile" "--manifest-path" "Cargo.toml" "-Zno-index-update", kill_on_drop: false }`
[INFO] [stderr]     Blocking waiting for file lock on package cache
[INFO] running `Command { std: "/workspace/cargo-home/bin/cargo" "+ff34b919075f35a1787659e9c448a34b06bab8de" "fetch" "--manifest-path" "Cargo.toml", kill_on_drop: false }`
[INFO] [stderr]     Blocking waiting for file lock on package cache
[INFO] [stderr]     Blocking waiting for file lock on package cache
[INFO] running `Command { std: "docker" "create" "-v" "/var/lib/crater-agent-workspace/builds/worker-15/target:/opt/rustwide/target:rw,Z" "-v" "/var/lib/crater-agent-workspace/builds/worker-15/source:/opt/rustwide/workdir:ro,Z" "-v" "/var/lib/crater-agent-workspace/cargo-home:/opt/rustwide/cargo-home:ro,Z" "-v" "/var/lib/crater-agent-workspace/rustup-home:/opt/rustwide/rustup-home:ro,Z" "-e" "SOURCE_DIR=/opt/rustwide/workdir" "-e" "CARGO_TARGET_DIR=/opt/rustwide/target" "-e" "CARGO_HOME=/opt/rustwide/cargo-home" "-e" "RUSTUP_HOME=/opt/rustwide/rustup-home" "-w" "/opt/rustwide/workdir" "-m" "1610612736" "--user" "0:0" "--network" "none" "ghcr.io/rust-lang/crates-build-env/linux@sha256:20528e8c29e4536546f0102ce88568b16ea7538393a33fcca951030f7af10457" "/opt/rustwide/cargo-home/bin/cargo" "+ff34b919075f35a1787659e9c448a34b06bab8de" "metadata" "--no-deps" "--format-version=1", kill_on_drop: false }`
[INFO] [stdout] 9916c0060abae9291301a7793fde6e82f442023b03a89032c2cfb055601ec7be
[INFO] [stderr] WARNING: Your kernel does not support swap limit capabilities or the cgroup is not mounted. Memory limited without swap.
[INFO] running `Command { std: "docker" "start" "-a" "9916c0060abae9291301a7793fde6e82f442023b03a89032c2cfb055601ec7be", kill_on_drop: false }`
[INFO] running `Command { std: "docker" "inspect" "9916c0060abae9291301a7793fde6e82f442023b03a89032c2cfb055601ec7be", kill_on_drop: false }`
[INFO] running `Command { std: "docker" "rm" "-f" "9916c0060abae9291301a7793fde6e82f442023b03a89032c2cfb055601ec7be", kill_on_drop: false }`
[INFO] [stdout] 9916c0060abae9291301a7793fde6e82f442023b03a89032c2cfb055601ec7be
[INFO] running `Command { std: "docker" "create" "-v" "/var/lib/crater-agent-workspace/builds/worker-15/target:/opt/rustwide/target:rw,Z" "-v" "/var/lib/crater-agent-workspace/builds/worker-15/source:/opt/rustwide/workdir:ro,Z" "-v" "/var/lib/crater-agent-workspace/cargo-home:/opt/rustwide/cargo-home:ro,Z" "-v" "/var/lib/crater-agent-workspace/rustup-home:/opt/rustwide/rustup-home:ro,Z" "-e" "SOURCE_DIR=/opt/rustwide/workdir" "-e" "CARGO_TARGET_DIR=/opt/rustwide/target" "-e" "CARGO_INCREMENTAL=0" "-e" "RUST_BACKTRACE=full" "-e" "RUSTFLAGS=--cap-lints=forbid" "-e" "CARGO_HOME=/opt/rustwide/cargo-home" "-e" "RUSTUP_HOME=/opt/rustwide/rustup-home" "-w" "/opt/rustwide/workdir" "-m" "1610612736" "--user" "0:0" "--network" "none" "ghcr.io/rust-lang/crates-build-env/linux@sha256:20528e8c29e4536546f0102ce88568b16ea7538393a33fcca951030f7af10457" "/opt/rustwide/cargo-home/bin/cargo" "+ff34b919075f35a1787659e9c448a34b06bab8de" "build" "--frozen" "--message-format=json", kill_on_drop: false }`
[INFO] [stdout] 20e1fe00f0dd36a26d016282eab59799db07c99e5237b99ecac2e7fd57fb6883
[INFO] [stderr] WARNING: Your kernel does not support swap limit capabilities or the cgroup is not mounted. Memory limited without swap.
[INFO] running `Command { std: "docker" "start" "-a" "20e1fe00f0dd36a26d016282eab59799db07c99e5237b99ecac2e7fd57fb6883", kill_on_drop: false }`
[INFO] [stderr]    Compiling once_cell v1.7.2
[INFO] [stderr]    Compiling pkg-config v0.3.19
[INFO] [stderr]    Compiling futures-task v0.3.15
[INFO] [stderr]    Compiling openssl v0.10.34
[INFO] [stderr]    Compiling serde v1.0.126
[INFO] [stderr]    Compiling futures-io v0.3.15
[INFO] [stderr]    Compiling lazy_static v1.4.0
[INFO] [stderr]    Compiling foreign-types-shared v0.1.1
[INFO] [stderr]    Compiling native-tls v0.2.7
[INFO] [stderr]    Compiling openssl-probe v0.1.4
[INFO] [stderr]    Compiling either v1.6.1
[INFO] [stderr]    Compiling unicode-segmentation v1.7.1
[INFO] [stderr]    Compiling strum v0.20.0
[INFO] [stderr]    Compiling utf-8 v0.7.6
[INFO] [stderr]    Compiling tokio v1.6.1
[INFO] [stderr]    Compiling futures-util v0.3.15
[INFO] [stderr]    Compiling miniz_oxide v0.4.4
[INFO] [stderr]    Compiling ring v0.16.20
[INFO] [stderr]    Compiling input_buffer v0.4.0
[INFO] [stderr]    Compiling num_cpus v1.13.0
[INFO] [stderr]    Compiling crc32fast v1.2.1
[INFO] [stderr]    Compiling getrandom v0.2.3
[INFO] [stderr]    Compiling aho-corasick v0.7.18
[INFO] [stderr]    Compiling syn v1.0.72
[INFO] [stderr]    Compiling sha-1 v0.9.6
[INFO] [stderr]    Compiling tracing-core v0.1.18
[INFO] [stderr]    Compiling foreign-types v0.3.2
[INFO] [stderr]    Compiling rand_core v0.6.2
[INFO] [stderr]    Compiling heck v0.3.2
[INFO] [stderr]    Compiling tracing v0.1.26
[INFO] [stderr]    Compiling openssl-sys v0.9.63
[INFO] [stderr]    Compiling rand_chacha v0.3.0
[INFO] [stderr]    Compiling regex v1.5.4
[INFO] [stderr]    Compiling rand v0.8.3
[INFO] [stderr]    Compiling flate2 v1.0.20
[INFO] [stderr]    Compiling tokio-util v0.6.7
[INFO] [stderr]    Compiling async-compression v0.3.8
[INFO] [stderr]    Compiling webpki v0.21.4
[INFO] [stderr]    Compiling sct v0.6.1
[INFO] [stderr]    Compiling h2 v0.3.3
[INFO] [stderr]    Compiling rustls v0.19.1
[INFO] [stderr]    Compiling webpki-roots v0.21.1
[INFO] [stderr]    Compiling tokio-native-tls v0.3.0
[INFO] [stderr]    Compiling serde_derive v1.0.126
[INFO] [stderr]    Compiling pin-project-internal v1.0.7
[INFO] [stderr]    Compiling thiserror-impl v1.0.25
[INFO] [stderr]    Compiling strum_macros v0.20.1
[INFO] [stderr]    Compiling thiserror v1.0.25
[INFO] [stderr]    Compiling tokio-socks v0.5.1
[INFO] [stderr]    Compiling tungstenite v0.13.0
[INFO] [stderr]    Compiling pin-project v1.0.7
[INFO] [stderr]    Compiling hyper v0.14.8
[INFO] [stderr]    Compiling hyper-tls v0.5.0
[INFO] [stderr]    Compiling serde_urlencoded v0.7.0
[INFO] [stderr]    Compiling serde_json v1.0.64
[INFO] [stderr]    Compiling crypto-market-type v0.1.4
[INFO] [stderr]    Compiling reqwest v0.11.3
[INFO] [stderr]    Compiling crypto-ws-client v2.4.7
[INFO] [stderr]    Compiling crypto-markets v0.6.3
[INFO] [stderr]    Compiling crypto-rest-client v0.5.9
[INFO] [stdout] error[E0599]: no variant or associated item named `Option` found for enum `MarketType` in the current scope
[INFO] [stdout]   --> /opt/rustwide/cargo-home/registry/src/github.com-1ecc6299db9ec823/crypto-rest-client-0.5.9/src/exchanges/binance/mod.rs:21:21
[INFO] [stdout]    |
[INFO] [stdout] 21 |         MarketType::Option => binance_option::BinanceOptionRestClient::fetch_l2_snapshot,
[INFO] [stdout]    |                     ^^^^^^ variant or associated item not found in `MarketType`
[INFO] [stdout] 
[INFO] [stdout] 
[INFO] [stdout] error[E0599]: no variant or associated item named `Option` found for enum `MarketType` in the current scope
[INFO] [stdout]   --> /opt/rustwide/cargo-home/registry/src/github.com-1ecc6299db9ec823/crypto-rest-client-0.5.9/src/exchanges/huobi/mod.rs:21:21
[INFO] [stdout]    |
[INFO] [stdout] 21 |         MarketType::Option => huobi_option::HuobiOptionRestClient::fetch_l2_snapshot,
[INFO] [stdout]    |                     ^^^^^^ variant or associated item not found in `MarketType`
[INFO] [stdout] 
[INFO] [stdout] 
[INFO] [stdout] error: aborting due to 2 previous errors
[INFO] [stdout] 
[INFO] [stdout] 
[INFO] [stdout] For more information about this error, try `rustc --explain E0599`.
[INFO] [stdout] 
[INFO] [stderr] error: could not compile `crypto-rest-client`
[INFO] [stderr] 
[INFO] [stderr] To learn more, run the command again with --verbose.
[INFO] [stderr] warning: build failed, waiting for other jobs to finish...
[INFO] [stdout] error[E0599]: no variant or associated item named `Option` found for enum `MarketType` in the current scope
[INFO] [stdout]   --> /opt/rustwide/cargo-home/registry/src/github.com-1ecc6299db9ec823/crypto-markets-0.6.3/src/exchanges/binance/mod.rs:16:21
[INFO] [stdout]    |
[INFO] [stdout] 16 |         MarketType::Option => binance_option::fetch_option_symbols(),
[INFO] [stdout]    |                     ^^^^^^ variant or associated item not found in `MarketType`
[INFO] [stdout] 
[INFO] [stdout] 
[INFO] [stdout] error[E0599]: no variant or associated item named `Option` found for enum `MarketType` in the current scope
[INFO] [stdout]   --> /opt/rustwide/cargo-home/registry/src/github.com-1ecc6299db9ec823/crypto-markets-0.6.3/src/exchanges/binance/mod.rs:28:21
[INFO] [stdout]    |
[INFO] [stdout] 28 |         MarketType::Option => binance_option::fetch_option_markets(),
[INFO] [stdout]    |                     ^^^^^^ variant or associated item not found in `MarketType`
[INFO] [stdout] 
[INFO] [stdout] 
[INFO] [stdout] error[E0599]: no variant or associated item named `Option` found for enum `MarketType` in the current scope
[INFO] [stdout]   --> /opt/rustwide/cargo-home/registry/src/github.com-1ecc6299db9ec823/crypto-markets-0.6.3/src/exchanges/binance/binance_option.rs:73:42
[INFO] [stdout]    |
[INFO] [stdout] 73 |                 market_type: MarketType::Option,
[INFO] [stdout]    |                                          ^^^^^^ variant or associated item not found in `MarketType`
[INFO] [stdout] 
[INFO] [stdout] 
[INFO] [stdout] error[E0599]: no variant or associated item named `Option` found for enum `MarketType` in the current scope
[INFO] [stdout]  --> /opt/rustwide/cargo-home/registry/src/github.com-1ecc6299db9ec823/crypto-markets-0.6.3/src/exchanges/deribit/mod.rs:9:21
[INFO] [stdout]   |
[INFO] [stdout] 9 |         MarketType::Option => utils::fetch_option_symbols(),
[INFO] [stdout]   |                     ^^^^^^ variant or associated item not found in `MarketType`
[INFO] [stdout] 
[INFO] [stdout] 
[INFO] [stdout] error[E0599]: no variant or associated item named `Option` found for enum `MarketType` in the current scope
[INFO] [stdout]   --> /opt/rustwide/cargo-home/registry/src/github.com-1ecc6299db9ec823/crypto-markets-0.6.3/src/exchanges/huobi/mod.rs:17:21
[INFO] [stdout]    |
[INFO] [stdout] 17 |         MarketType::Option => huobi_option::fetch_option_symbols(),
[INFO] [stdout]    |                     ^^^^^^ variant or associated item not found in `MarketType`
[INFO] [stdout] 
[INFO] [stdout] 
[INFO] [stdout] error[E0599]: no variant or associated item named `Option` found for enum `MarketType` in the current scope
[INFO] [stdout]   --> /opt/rustwide/cargo-home/registry/src/github.com-1ecc6299db9ec823/crypto-markets-0.6.3/src/exchanges/okex/mod.rs:15:21
[INFO] [stdout]    |
[INFO] [stdout] 15 |         MarketType::Option => okex_option::fetch_option_symbols(),
[INFO] [stdout]    |                     ^^^^^^ variant or associated item not found in `MarketType`
[INFO] [stdout] 
[INFO] [stdout] 
[INFO] [stdout] error: aborting due to 6 previous errors
[INFO] [stdout] 
[INFO] [stdout] 
[INFO] [stdout] For more information about this error, try `rustc --explain E0599`.
[INFO] [stdout] 
[INFO] [stderr] error: build failed
[INFO] running `Command { std: "docker" "inspect" "20e1fe00f0dd36a26d016282eab59799db07c99e5237b99ecac2e7fd57fb6883", kill_on_drop: false }`
[INFO] running `Command { std: "docker" "rm" "-f" "20e1fe00f0dd36a26d016282eab59799db07c99e5237b99ecac2e7fd57fb6883", kill_on_drop: false }`
[INFO] [stdout] 20e1fe00f0dd36a26d016282eab59799db07c99e5237b99ecac2e7fd57fb6883
